on divisor of z and c.
15
Let x be (5/((-140)/1302))/(3/(-82)). Calculate the greatest common divisor of 41 and x.
41
Suppose y - 4 = 3*l, -3*l = 2*y + l - 18. Suppose -98 = -y*v + 28. Calculate the highest common factor of v and 45.
9
Let n(f) = 4*f**3 - 2*f**2 - 4*f + 1. Let g be 24/9*(-3)/(-2). Let m be n(g). Let d = -67 + 86. What is the highest common divisor of m and d?
19
Let a be ((-2)/(-6))/((-4)/(-180)). Suppose -i = 4*i - a. Suppose -9 = -3*m, 2*m + 54 = -2*h + i*h. Calculate the highest common divisor of h and 24.
12
Let f be (-5)/(3 - 56/20). Let d = f + 55. Calculate the greatest common factor of d and 10.
10
Let r be -3*(0 + -6) + 3. Suppose -f - 3*o + 153 = 0, f = -2*f - 2*o + 494. What is the highest common divisor of f and r?
21
Let c(a) = -a**2 - a + 2. Let y be c(2). Let l = y + 13. Suppose -39 = -3*z - l. Calculate the highest common factor of 80 and z.
10
Let s(d) = d**2 + 4*d - 65. Let g be s(-15). What is the greatest common divisor of 4 and g?
4
Let g be 6 + -3 - (2 - -1). Let x(n) = -3*n**2 + 4*n**2 + 7 + g*n + 0*n. Let m be x(3). What is the greatest common factor of 32 and m?
16
Suppose -5*i - 7*d = -2*d - 150, 0 = 4*i + d - 138. Let x(k) = k**3 - 4*k**2 - 3*k - 1. Let z be x(5). Calculate the highest common factor of i and z.
9
Suppose -150 = -2*j + 4*l, 13*l - 11*l = 3*j - 237. Calculate the greatest common factor of 36 and j.
9
Let k be (-2)/4 + (-4025)/14. Let j = k + 453. What is the highest common divisor of 15 and j?
15
Let g be (4 + (-41)/4)/(19/(-76)). Suppose -2*p - 2*r + 12 + 18 = 0, -3*p - 5*r + 55 = 0. Calculate the greatest common factor of p and g.
5
Suppose 3379 = 5*y + r - 7841, 5*y + 3*r = 11210. Let x be (-1)/(-6) - y/(-30). What is the highest common divisor of 15 and x?
15
Let i = -112 - -112. Let k(u) = -u**3 + 2*u**2 - 2*u + 23. Let h be k(i). What is the highest common factor of h and 23?
23
Suppose -24 = -3*j - 9. Let i be j + (1 + -2)/(-1). Let d be 2/(-6) - (-98)/i. Calculate the greatest common factor of 2 and d.
2
Let c be 24/20*30/9. Suppose -o = -0*w + c*w - 63, -81 = -5*w - 2*o. Suppose 6*u - 5*u = 15. What is the greatest common divisor of w and u?
15
Let v = 0 + 3. Suppose v*r - 5 = 3*m - 23, 0 = 5*r - 2*m + 42. Let d be -2 + (1 + 0 - r). Calculate the highest common factor of 3 and d.
3
Suppose 0 = 3*p - 4*v - 19, 3*v - 4*v - 25 = -3*p. Let u(w) = w**3 - 11*w**2 + 18*w + 7. Let n be u(p). What is the greatest common divisor of n and 84?
7
Let u be (1403/(-6))/(5/(-30)). Calculate the highest common factor of 46 and u.
23
Suppose 7*m + 114 = 471. Calculate the highest common divisor of 119 and m.
17
Suppose 0 = -5*a - 5, -2*r - 12*a + 143 = -15*a. Calculate the highest common divisor of 8 and r.
2
Let c be 6/(2/(-2800)*-12). Calculate the highest common divisor of c and 75.
25
Let j(t) = -t**3 + 7*t**2 - 4*t - 6. Let c be j(6). Suppose -i + c = -4. Suppose 5*d - i*d = -1200. What is the greatest common divisor of 24 and d?
24
Let t = -32 - -15. Let v = t + 22. Suppose 75 = v*m + 5. What is the highest common factor of 112 and m?
14
Suppose 4*w = -3*i - 2*i + 57, 20 = 4*i. Calculate the highest common factor of w and 8.
8
Let a = -383 + 140. Let m = a - -447. Calculate the highest common divisor of 12 and m.
12
Let f = -634 - -667. What is the highest common divisor of 143 and f?
11
Let z(s) be the second derivative of 19*s**3/3 + 15*s**2 + 12*s. Let n be z(12). What is the highest common divisor of 54 and n?
54
Suppose 0*j = -4*j - 2*r + 24, j + 5*r = 15. What is the greatest common factor of 8 and j?
1
Suppose -4*q + 166 - 54 = 0. Suppose -9*w - 10 = -37. Suppose 2*k - 5*y - 150 = 0, -k + w*y = 2*k - 216. What is the highest common factor of q and k?
14
Let h(v) = v**3 + 14*v**2 - 35*v - 39. Let f be h(-16). Suppose -o = -5*o + 12. What is the highest common divisor of o and f?
3
Let w be 1/2 - (-1364)/8. Let k = 1699 + -1680. Calculate the highest common divisor of w and k.
19
Let x(h) = h + 28. Let l = -4 + 8. Suppose -2*m = -l*q, -5*q - 3*m - m = 0. Let v be x(q). Calculate the greatest common divisor of 224 and v.
28
Let q(w) = w**3 - 7*w**2 + 15*w - 5. Suppose 38*a = 10*a + 112. Let v be q(a). Let n = 10 - 3. Calculate the highest common factor of v and n.
7
Let r = 496 + 740. Suppose 4*n + 396 = r. Suppose 0 = -i - 2*u + 120, -2*i + 0*i + 2*u + n = 0. Calculate the highest common factor of i and 10.
10
Let n(p) = 2*p. Let x be n(1). Let q = x + 0. Suppose q*u + 8 = 20. Calculate the highest common divisor of u and 18.
6
Suppose -4220*w = -4228*w + 112. Let b = 4 + -2. Calculate the greatest common divisor of w and b.
2
Suppose -3*m + 342 + 120 = 0. Let q = -21 + 25. Suppose -60 = -4*j - q. Calculate the greatest common divisor of j and m.
14
Let a be 56/(0 - 1)*108/(-126). Calculate the highest common divisor of a and 36.
12
Let u = -22 - -29. Let z be -3*(16/6 + -3). Let m be ((-14)/(-4))/(z/14). What is the greatest common divisor of m and u?
7
Let k = 571 - 439. Suppose -4*b - 3*r + 54 = 0, 5*b + 5*r - 45 = 25. Calculate the highest common divisor of b and k.
12
Suppose 342 = 6*t - 4*t. Suppose 6*v - 7*v = -t. What is the highest common factor of v and 19?
19
Let n be (1 - 1) + 2 + 14. Suppose 0 = q - 0*q + 4*z + 16, 5*q - 4*z - n = 0. Suppose -21 = -q*c - 3*c. Calculate the highest common factor of c and 35.
7
Suppose -5*s - 19*j = -15*j - 2, 0 = s + j. Calculate the greatest common divisor of s and 37.
1
Let m(f) = -f**2 + 9*f + 4. Let d be m(9). Let p be d/8 - 41/(-2). Let k = -29 + 32. What is the highest common factor of k and p?
3
Let y(c) = 33*c**2 - 3*c + 4. Let a be y(3). Let q = a + -193. What is the highest common factor of 11 and q?
11
Suppose 11*x - 60 = 402. Calculate the greatest common divisor of 189 and x.
21
Let y(l) be the third derivative of -l**4/24 + 3*l**3/2 + 11*l**2. Let o be y(-5). Let f be (-1 - -4) + 5 + o. Calculate the greatest common factor of f and 88.
22
Suppose 0 = 30*h - 3043 - 3707. What is the highest common divisor of 25 and h?
25
Suppose 5*k - 3 = 2. Let w be ((-18)/15)/(k/(-30)). Let g be -1 - (-6)/24*-19*-4. What is the greatest common factor of w and g?
18
Let n be 6390/80 + 2/16. What is the greatest common divisor of 320 and n?
80
Let q(h) = -h**2 - 8*h - 5. Suppose 2*v - 3*m + 21 = 0, 0 = -v - 2*m - 3 + 10. Let l be q(v). What is the greatest common factor of 40 and l?
10
Let j be (16/(-10))/(40/(-11800)). Calculate the greatest common divisor of 59 and j.
59
Let q be (3 - 3) + (8 - 5 - -199). Let y(s) = 466*s**2. Let i be y(1). Let z = i - q. What is the highest common factor of 24 and z?
24
Let t = -49 - -169. Let o be (-33)/(-11) + 2/2. Suppose k - 144 = -o*w, -5*k - 48 + t = 2*w. Calculate the highest common factor of 4 and w.
4
Suppose 2*r - 4*x = -5*x + 41, 4*r - 3*x - 107 = 0. Calculate the highest common factor of 115 and r.
23
Suppose 3*w + 2*w = 3*a + 13, a = 5*w - 21. Suppose 3*x - x - 208 = 2*s, -3*x - a*s = -340. Calculate the greatest common factor of 12 and x.
12
Let x = 19 - 14. Suppose -x*n - 7 = 3. Let y be (-3)/1 - n - -16. What is the greatest common factor of y and 30?
15
Let u be (24/(-32) - 3/(-20))*-15. What is the greatest common factor of 27 and u?
9
Suppose 2*w - 2 + 46 = 5*o, w - 53 = -5*o. Calculate the greatest common divisor of 35 and o.
5
Let v be (152/12)/(6/9). Calculate the greatest common divisor of v and 361.
19
Let i be -3 - 9 - 2/(-1). Let v(b) be the second derivative of -3*b**3/2 + 9*b**2/2 - 41*b - 1. Let p be v(i). Calculate the greatest common factor of 11 and p.
11
Let f be (-4 - 1)/1*-28. Let l be (-2088)/(-30) - 2/(-5). Let u be l/21*2*3. Calculate the highest common divisor of u and f.
20
Let m = -2217 + 2218. Calculate the highest common factor of 157 and m.
1
Let k = -150 + 531. Suppose 5*n - k = 204. Suppose 0 + 43 = 3*y - 2*b, 0 = -y + b + 15. Calculate the greatest common divisor of n and y.
13
Suppose 0 = -7*f + 2*f - 10. Suppose 8*k - 10 = 6. Let t be f + (3 - k) + 76. Calculate the greatest common factor of t and 15.
15
Let k(a) = a + 5. Let i be k(5). Suppose j - 20 = i. What is the greatest common divisor of j and 12?
6
Let t(w) = 8*w + 76. Let b be t(-8). What is the highest common divisor of 12 and b?
12
Suppose 0 = -7*y - 18 + 25. What is the highest common diviso